digit of 712/36 - d/27?
2
Let y = 38415 + 41685. What is the thousands digit of y?
0
Let i(j) = -j**2 - 65*j - 111. What is the units digit of i(-39)?
3
What is the thousands digit of (-9634 - (-741)/19)/(1/(-3))?
8
Let r = -67580 - -112013. What is the hundreds digit of r?
4
Let m = 89 - 1. Let r = 65 + m. What is the hundreds digit of r?
1
Suppose -5*x - 4 = -3*u, 4*u + 5*x - 16 = x. Suppose -735 = -3*i - 0*i. Suppose -i = -4*o + u. What is the units digit of o?
2
Suppose -5*f - 3*n - 1 = -7*n, 4*f - 2*n - 4 = 0. Suppose f*m + 75 = 3*h, 6*m - 5*h = 11*m + 125. What is the units digit of 15/(-6)*2260/m?
6
Let b = -664 + 38. Let n = b + 1009. What is the hundreds digit of n?
3
Suppose 2*d - 537 = -151. Let w = d + 444. What is the tens digit of w?
3
Let a(u) = 108*u**2 - 52*u - 504. What is the thousands digit of a(-10)?
0
Suppose -104925*i + 1573200 = -104907*i. What is the hundreds digit of i?
4
Let g(x) = 1981*x - 8. What is the thousands digit of g(3)?
5
Let f be -11 + 8 - -1*8. Suppose 15 = -3*q, -15 = f*h - q + 2*q. What is the tens digit of (-2)/(-2*h/(-232))?
1
What is the hundreds digit of (2456/921)/(((-4)/190)/(1080/(-25)))?
4
What is the tens digit of (-68 + 9)/(3/(-456))?
6
Suppose 9*o - 64925 = -4877. Suppose -20*j = -4*j - o. What is the tens digit of j?
1
Let j(i) = 3*i**2 - 38*i - 275. What is the thousands digit of j(-17)?
1
Suppose 16*n - 28*n = 46*n - 3633410. What is the units digit of n?
5
Suppose -15276 = -3*b + 41575 + 53216. What is the thousands digit of b?
6
Suppose -5*s = 3*d - 12, s - 4*d = 6 - 22. Suppose s = -b - 5*k + 406, 3*b - 3*k - k - 1275 = 0. What is the hundreds digit of b?
4
Let w(s) = s**2 + 12*s - 1. Let x be 0/3 - (-28)/4. Let b be w(x). Suppose 3*i = 4*v - 2*v - 63, 3*v - b = -3*i. What is the tens digit of v?
3
Let h be -73 - (2/7 - 2/7). Let j = 219 + h. Suppose 3*f - 119 - 114 = 4*c, 0 = -2*f + 5*c + j. What is the tens digit of f?
8
Let j(t) = -11*t**3 - 14*t**2 - 13*t + 32. What is the units digit of j(-8)?
2
Let y(x) = -6*x**3 + x**2 - 5*x + 4. Let w(v) = v - 28. Let l be w(29). Let a be y(l). Let k = a + 7. What is the units digit of k?
1
Suppose 1 + 3 = -2*x - t, -4*t = 3*x + 11. Let j be x*-8*1/2. Suppose -r - 4*l = -5*r + 804, -j*l + 603 = 3*r. What is the hundreds digit of r?
2
Let o(j) be the third derivative of -41*j**6/40 + j**3/6 + 2*j**2. Suppose -8*s - 12 = -5*s, 5 = -p - s. What is the hundreds digit of o(p)?
1
Suppose -3*q + 24 = -5*u + 174, 0 = -4*u + 4*q + 120. Let b be (-89)/(2 + (-55)/u). What is the units digit of 12/(-84) + b/(-14)?
8
Let i(u) = 2*u**2 + 308*u + 915. Let w be i(-3). Let s(g) = -g**2 + g. Let r(a) = 3*a**2 - 9*a - 12. Let b(l) = r(l) + 2*s(l). What is the units digit of b(w)?
6
Suppose -62*y - 182234 = -88*y. What is the tens digit of y?
0
Suppose -32*n = -g - 33*n + 59, -4*g - 2*n + 232 = 0. Let y(t) = 21*t + 96. What is the tens digit of y(g)?
9
Suppose -5*b - 4*d + 9 = -2, -5*d - 2 = b. Let p(z) = -z**2 - 31*z - 33. Let q be p(-9). What is the tens digit of b*((-3)/9 - q/(-9))?
5
Suppose -2*l + 6124 = i, -3*i + 15312 = -251*l + 256*l. What is the thousands digit of l?
3
Suppose 29421*v - 29414*v - 24528 = 0. What is the hundreds digit of v?
5
What is the hundreds digit of -1 + -10 + 5850 + 9?
8
Suppose -4*q = -21*q - 7769. Let w = q + 769. What is the units digit of w?
2
Suppose -316*a = -269*a - 1700789. What is the ten thousands digit of a?
3
Suppose 2*o - 125 = -85. Suppose -k - 2*p = -7*p - 1529, 0 = 5*p - o. What is the thousands digit of k?
1
Suppose b - 10 = -b. Let k(x) = -6*x + 12. Let a be k(b). Let t = 5 - a. What is the units digit of t?
3
What is the tens digit of 13*(0 - (-3)/(-9))/((-21)/14427)?
7
Let w(n) = n + 9. Let u be w(-4). Suppose 2*p - 37 = u*b, 3*p - b = -0*b + 23. Suppose -51 = p*q - 135. What is the units digit of q?
4
Suppose -6*x + 6*x + 2*x = 58532. What is the tens digit of x?
6
Suppose 20108 = 44*q + 968. Let t = -196 + q. What is the hundreds digit of t?
2
Suppose -5*v + 4*d = -14799, 97*d = -5*v + 92*d + 14745. What is the units digit of v?
5
Suppose -3*r + 2*c = 141, 5*c - 60 = -2*r + 3*r. Let w be r/(-6)*6 - (-3 + 0). What is the hundreds digit of (75/6)/(6/w)?
1
What is the tens digit of (-1512594)/(-189)*(-21)/(-9)?
7
Let l(d) = d**3 + 13*d**2 - 9*d - 8. Let s be l(-13). Let f be (-1 - s/(-1))*(21 - 20). Suppose 4*k - 8*k = -f. What is the units digit of k?
7
Let c(m) = -m**3 - 11*m + 12. Suppose 2*o = -5 + 13. Let v be -1 - (-5)/(-5) - o*1. What is the units digit of c(v)?
4
Let u(r) = 5*r**2 + 33*r - 10. What is the hundreds digit of u(32)?
1
Let z = -77 - -146. Suppose 5*q - 17 = 3. Suppose z = q*g - 247. What is the tens digit of g?
7
Let s = 67326 - 45219. What is the units digit of s?
7
Let f be (-40)/(-8) + (-1 - 1). Suppose 0*k = 4*k, f*k = p - 156. What is the tens digit of p?
5
What is the hundreds digit of ((-322)/(-6) - -1)/(906/279954)?
8
Let p be ((-13)/((-78)/(-4)))/(4/(-22890)). Let o = p - 2711. What is the thousands digit of o?
1
Let i = -1850 - -4007. What is the units digit of i?
7
Suppose 88*q + 371944 = 240*q. What is the units digit of q?
7
Let w = 195213 - 112534. What is the thousands digit of w?
2
Let k = -3001 - -3047. What is the units digit of k?
6
Let k be (106/(-4))/((-3)/(-6)). Suppose 3*z - g - 332 = 0, 0 = z - 31*g + 32*g - 116. Let v = k + z. What is the tens digit of v?
5
Let a = -56 + 16. Let n = 82 + a. What is the units digit of 7042/n + 2/(-3)?
7
Suppose 3*b = 5*z - 5505 - 8885, -5*z + 14390 = 3*b. What is the units digit of z?
8
Suppose -3*z - 4*p - p = 32, 4*z = -4*p - 32. Let m be (96/40)/(z/310). Let k = -27 - m. What is the units digit of k?
9
Let l = 171 - -1121. What is the hundreds digit of l?
2
Let w be (-9412)/(-390) - 4/30. What is the tens digit of 9670/w + (-4)/(-48)?
0
Suppose c + 27 = -5*w, -w = -5*c + 2 - 59. Let f(i) = i + 232. Let j be f(-4). Let q = c + j. What is the tens digit of q?
1
Let m(u) = u**3 - 12*u**2 + 2*u - 22. Let o be m(12). Suppose -o*d + 4*s + 384 = 0, 3*d + d - 5*s = 765. What is the tens digit of d?
9
Suppose 18 = 33*j - 24*j. Let b(k) = 12*k**3 - 2*k**2 - 3. What is the tens digit of b(j)?
8
What is the thousands digit of 28/(8 - 37300/4665)?
6
Let x be 3 - (-16)/12*-3 - -11. Suppose -14 = -8*k + x. Suppose -5*g - k*i + 572 = 0, g + i - 2*i - 108 = 0. What is the tens digit of g?
1
Let r be (7/3)/(13 - (-34808)/(-2679)). Let f(y) = 4*y**2 + 2*y - 1. Let o be f(1). Suppose o*v - r = 461. What is the units digit of v?
8
Let w = -2663 + 3894. Let p = -720 + w. What is the hundreds digit of p?
5
Suppose 151 + 713 = -18*s. What is the units digit of 4894/4 + s/(-32)?
5
Let o = -36 - -65. Suppose 0 = 393*v - 392*v + 4. What is the tens digit of o - (v/(-2))/(-1)?
3
Let q(o) = -976*o - 3423. What is the units digit of q(-17)?
9
Suppose 5*f + 3*z = 4*z + 26, -2*f = -5*z + 8. Let o = -4 + f. Suppose 285 = -o*u + 7*u. What is the tens digit of u?
5
What is the hundreds digit of (-15 + 24855/15)*2?
2
Let s be (-137 - -141)*(-234)/(2*1). Let t = s - -709. What is the tens digit of t?
4
Let g = -125 - -52. Let v = g - -94. Let u = 68 - v. What is the tens digit of u?
4
Let l(p) = p**3 - 17*p**2 + 80*p + 30. Let f = 72 - 57. What is the units digit of l(f)?
0
Let i(a) = 2*a**2 - 4*a - 3. Let q be i(-1). Suppose -j = 2*f - 15, -3*j - 2*j + q*f + 36 = 0. Suppose d + 80 = j*d. What is the units digit of d?
0
Suppose 0 = -11*r + 14*r - 30. Suppose r*u + 691 = -629. What is the units digit of u/6*(-18)/4?
9
Suppose 216*x = 41*x + 2822925. What is the ten thousands digit of x?
1
Let z(y) = y**3 + 30*y**2 + 55*y - 28. Let p be z(-28). Suppose p = 43*k - 51*k + 9104. What is the thousands digit of k?
1
Let r(w) = 2753*w + 185. What is the ten thousands digit of r(14)?
3
Let v = 54 - 17. Let g be v/(-4)*14*(-3 + 1). Let i = g - 178. What is the units digit of i?
1
Let v be -3 - (-6 + 5 + -2). Suppose -2*d - 4*c + 76 = v, -3*d + 117 = -3*c + 30. Suppose -d = 60*k - 62*k. What is the tens digit of k?
1
Let j(s) = 166*s**2 - 44*s - 28. What is the units digit of j(11)?
4
Let m(t) = 60*t**2 - 10*t + 33. What is the tens digit of m(4)?
5
What is the hundreds digit of (-1580)/79 + 26 + 1/(1/66719)?
7
Suppose -8 = -7*a + 6. Suppose -n + 2*n + 68 = a*g, -5*g = -4*n - 